{"id":9630,"date":"2024-03-07T13:12:57","date_gmt":"2024-03-07T13:12:57","guid":{"rendered":"https:\/\/fiberpole.cl\/web\/?page_id=9630"},"modified":"2025-11-06T15:05:59","modified_gmt":"2025-11-06T15:05:59","slug":"casos-de-exito","status":"publish","type":"page","link":"https:\/\/fiberpole.cl\/web\/casos-de-exito\/","title":{"rendered":"Casos de \u00e9xito"},"content":{"rendered":"<div class=\"wpb-content-wrapper\"><p>[vc_row equal_height=\u00bbyes\u00bb mobile_bg_img_hidden=\u00bbno\u00bb tablet_bg_img_hidden=\u00bbno\u00bb woodmart_parallax=\u00bb0&#8243; woodmart_gradient_switch=\u00bbno\u00bb row_reverse_mobile=\u00bb0&#8243; row_reverse_tablet=\u00bb0&#8243; woodmart_disable_overflow=\u00bb0&#8243; css=\u00bb.vc_custom_1680177402148{margin-bottom: 60px !important;}\u00bb woodmart_css_id=\u00bb642578f7adeb3&#8243; responsive_spacing=\u00bbeyJwYXJhbV90eXBlIjoid29vZG1hcnRfcmVzcG9uc2l2ZV9zcGFjaW5nIiwic2VsZWN0b3JfaWQiOiI2NDI1NzhmN2FkZWIzIiwic2hvcnRjb2RlIjoidmNfcm93IiwiZGF0YSI6eyJ0YWJsZXQiOnsibWFyZ2luLWJvdHRvbSI6IjIwcHgifSwibW9iaWxlIjp7Im1hcmdpbi1ib3R0b20iOiIwcHgifX19&#8243; woodmart_box_shadow=\u00bbno\u00bb wd_z_index=\u00bbno\u00bb][vc_column width=\u00bb1\/2&#8243; offset=\u00bbvc_col-lg-4 vc_col-md-4&#8243; mobile_bg_img_hidden=\u00bbno\u00bb tablet_bg_img_hidden=\u00bbno\u00bb woodmart_parallax=\u00bb0&#8243; woodmart_sticky_column=\u00bbfalse\u00bb parallax_scroll=\u00bbno\u00bb mobile_reset_margin=\u00bbno\u00bb tablet_reset_margin=\u00bbno\u00bb css=\u00bb.vc_custom_1678105341712{padding-top: 0px !important;}\u00bb woodmart_css_id=\u00bb6405daf6b006e\u00bb wd_collapsible_content_switcher=\u00bbno\u00bb wd_column_role_offcanvas_desktop=\u00bbno\u00bb wd_column_role_offcanvas_tablet=\u00bbno\u00bb wd_column_role_offcanvas_mobile=\u00bbno\u00bb wd_column_role_content_desktop=\u00bbno\u00bb wd_column_role_content_tablet=\u00bbno\u00bb wd_column_role_content_mobile=\u00bbno\u00bb woodmart_box_shadow=\u00bbno\u00bb responsive_spacing=\u00bbeyJwYXJhbV90eXBlIjoid29vZG1hcnRfcmVzcG9uc2l2ZV9zcGFjaW5nIiwic2VsZWN0b3JfaWQiOiI2NDA1ZGFmNmIwMDZlIiwic2hvcnRjb2RlIjoidmNfY29sdW1uIiwiZGF0YSI6eyJ0YWJsZXQiOnsibWFyZ2luLWJvdHRvbSI6IjQwIn0sIm1vYmlsZSI6eyJtYXJnaW4tYm90dG9tIjoiMzAifX19&#8243; wd_z_index=\u00bbno\u00bb]\n\t\t<div id=\"wd-65e9cf82eb9de\" class=\"title-wrapper wd-wpb wd-set-mb reset-last-child  wd-rs-65e9cf82eb9de wd-title-color-primary wd-title-style-default text-left  wd-underline-colored\">\n\t\t\t\t\t\t\t\n\t\t\t\t<div class=\"title-subtitle  subtitle-color-primary font-default subtitle-style-default wd-font-weight-700 wd-fontsize-xs\">Proyecto<\/div>\n\t\t\t\n\t\t\t<div class=\"liner-continer\">\n\t\t\t\t<h4 class=\"woodmart-title-container title  wd-font-weight- wd-fontsize-l\" >Parque Mapocho Rio<\/h4>\n\t\t\t\t\t\t\t<\/div>\n\t\t\t\n\t\t\t\n\t\t\t\n\t\t<\/div>\n\t\t\n\t\t\t\t<div id=\"wd-65fae3267a14d\" class=\"wd-text-block wd-wpb reset-last-child wd-rs-65fae3267a14d text-left \">\n\t\t\t<p><strong><span style=\"color: #033c75;\">Lugar: Costanera Sur<\/span><\/strong><\/p>\n\t\t<\/div>\n\t\t\t\t<div id=\"wd-65e9befc0a847\" class=\"wd-text-block wd-wpb reset-last-child wd-rs-65e9befc0a847 text-left \">\n\t\t\t<p><span style=\"font-weight: 400;\">El Parque Mapocho R\u00edo es un proyecto del Ministerio de Vivienda y Urbanismo con una extensi\u00f3n de 52 hect\u00e1reas y 9 kil\u00f3metros de longitud, emplaz\u00e1ndose entre las comunas de Quinta Normal y Cerro Navia, en la Regi\u00f3n Metropolitana.<\/span><\/p>\n<p><span style=\"font-weight: 400;\">Se utilizaron Postes Fiberpole de 12\u00a0 y 8 metros m\u00e1s brazos simples para postes de 12 metros.<\/span><\/p>\n\t\t<\/div>\n\t\t[\/vc_column][vc_column width=\u00bb1\/2&#8243;][vc_gallery type=\u00bbimage_grid\u00bb images=\u00bb10110,10111,10112,10113,10114,10115,10116,10130,9548&#8243; css=\u00bb\u00bb][\/vc_column][\/vc_row][vc_row equal_height=\u00bbyes\u00bb mobile_bg_img_hidden=\u00bbno\u00bb tablet_bg_img_hidden=\u00bbno\u00bb woodmart_parallax=\u00bb0&#8243; woodmart_gradient_switch=\u00bbno\u00bb row_reverse_mobile=\u00bb0&#8243; row_reverse_tablet=\u00bb0&#8243; woodmart_disable_overflow=\u00bb0&#8243; css=\u00bb.vc_custom_1680177402148{margin-bottom: 60px !important;}\u00bb woodmart_css_id=\u00bb642578f7adeb3&#8243; responsive_spacing=\u00bbeyJwYXJhbV90eXBlIjoid29vZG1hcnRfcmVzcG9uc2l2ZV9zcGFjaW5nIiwic2VsZWN0b3JfaWQiOiI2NDI1NzhmN2FkZWIzIiwic2hvcnRjb2RlIjoidmNfcm93IiwiZGF0YSI6eyJ0YWJsZXQiOnsibWFyZ2luLWJvdHRvbSI6IjIwcHgifSwibW9iaWxlIjp7Im1hcmdpbi1ib3R0b20iOiIwcHgifX19&#8243; woodmart_box_shadow=\u00bbno\u00bb wd_z_index=\u00bbno\u00bb][vc_column width=\u00bb1\/2&#8243; offset=\u00bbvc_col-lg-4 vc_col-md-4&#8243; mobile_bg_img_hidden=\u00bbno\u00bb tablet_bg_img_hidden=\u00bbno\u00bb woodmart_parallax=\u00bb0&#8243; woodmart_sticky_column=\u00bbfalse\u00bb parallax_scroll=\u00bbno\u00bb mobile_reset_margin=\u00bbno\u00bb tablet_reset_margin=\u00bbno\u00bb css=\u00bb.vc_custom_1678105341712{padding-top: 0px !important;}\u00bb woodmart_css_id=\u00bb6405daf6b006e\u00bb wd_collapsible_content_switcher=\u00bbno\u00bb wd_column_role_offcanvas_desktop=\u00bbno\u00bb wd_column_role_offcanvas_tablet=\u00bbno\u00bb wd_column_role_offcanvas_mobile=\u00bbno\u00bb wd_column_role_content_desktop=\u00bbno\u00bb wd_column_role_content_tablet=\u00bbno\u00bb wd_column_role_content_mobile=\u00bbno\u00bb woodmart_box_shadow=\u00bbno\u00bb responsive_spacing=\u00bbeyJwYXJhbV90eXBlIjoid29vZG1hcnRfcmVzcG9uc2l2ZV9zcGFjaW5nIiwic2VsZWN0b3JfaWQiOiI2NDA1ZGFmNmIwMDZlIiwic2hvcnRjb2RlIjoidmNfY29sdW1uIiwiZGF0YSI6eyJ0YWJsZXQiOnsibWFyZ2luLWJvdHRvbSI6IjQwIn0sIm1vYmlsZSI6eyJtYXJnaW4tYm90dG9tIjoiMzAifX19&#8243; wd_z_index=\u00bbno\u00bb]\n\t\t<div id=\"wd-690cb87594295\" class=\"title-wrapper wd-wpb wd-set-mb reset-last-child  wd-rs-690cb87594295 wd-title-color-primary wd-title-style-default text-left  wd-underline-colored\">\n\t\t\t\t\t\t\t\n\t\t\t\t<div class=\"title-subtitle  subtitle-color-primary font-default subtitle-style-default wd-font-weight-700 wd-fontsize-xs\">Proyecto<\/div>\n\t\t\t\n\t\t\t<div class=\"liner-continer\">\n\t\t\t\t<h4 class=\"woodmart-title-container title  wd-font-weight- wd-fontsize-l\" >Borde Costero de Playa Chinchorro<\/h4>\n\t\t\t\t\t\t\t<\/div>\n\t\t\t\n\t\t\t\n\t\t\t\n\t\t<\/div>\n\t\t\n\t\t\t\t<div id=\"wd-690cb88cde083\" class=\"wd-text-block wd-wpb reset-last-child wd-rs-690cb88cde083 text-left \">\n\t\t\t<p><strong><span style=\"color: #033c75;\">Lugar: Chinchorro, Arica<\/span><\/strong><\/p>\n\t\t<\/div>\n\t\t\t\t<div id=\"wd-690cb8b753b7a\" class=\"wd-text-block wd-wpb reset-last-child wd-rs-690cb8b753b7a text-left \">\n\t\t\t<p>El proyecto, desarrollado por el municipio con financiamiento del\u00a0Gobierno Regional de Arica y Parinacota, contempla \u00e1reas de juego inclusivas, nuevas circulaciones, mobiliario urbano y una\u00a0renovada infraestructura de iluminaci\u00f3n\u00a0para disfrutar del borde costero tanto de d\u00eda como de noche.<\/p>\n\t\t<\/div>\n\t\t[\/vc_column][vc_column width=\u00bb1\/2&#8243;][vc_gallery type=\u00bbimage_grid\u00bb images=\u00bb10205,10204,10203,10202,10201,10200&#8243; css=\u00bb\u00bb][\/vc_column][\/vc_row][vc_row equal_height=\u00bbyes\u00bb mobile_bg_img_hidden=\u00bbno\u00bb tablet_bg_img_hidden=\u00bbno\u00bb woodmart_parallax=\u00bb0&#8243; woodmart_gradient_switch=\u00bbno\u00bb row_reverse_mobile=\u00bb0&#8243; row_reverse_tablet=\u00bb0&#8243; woodmart_disable_overflow=\u00bb0&#8243; css=\u00bb.vc_custom_1710517787020{margin-bottom: 60px !important;}\u00bb woodmart_css_id=\u00bb65f46e21139ad\u00bb responsive_spacing=\u00bbeyJwYXJhbV90eXBlIjoid29vZG1hcnRfcmVzcG9uc2l2ZV9zcGFjaW5nIiwic2VsZWN0b3JfaWQiOiI2NWY0NmUyMTEzOWFkIiwic2hvcnRjb2RlIjoidmNfcm93IiwiZGF0YSI6eyJ0YWJsZXQiOnsibWFyZ2luLWJvdHRvbSI6IjIwcHgifSwibW9iaWxlIjp7Im1hcmdpbi1ib3R0b20iOiIwcHgifX19&#8243; woodmart_box_shadow=\u00bbno\u00bb wd_z_index=\u00bbno\u00bb el_id=\u00bbantofagasta\u00bb][vc_column width=\u00bb1\/2&#8243; offset=\u00bbvc_col-lg-4 vc_col-md-4&#8243; mobile_bg_img_hidden=\u00bbno\u00bb tablet_bg_img_hidden=\u00bbno\u00bb woodmart_parallax=\u00bb0&#8243; woodmart_sticky_column=\u00bbfalse\u00bb parallax_scroll=\u00bbno\u00bb mobile_reset_margin=\u00bbno\u00bb tablet_reset_margin=\u00bbno\u00bb css=\u00bb.vc_custom_1710517705351{padding-top: 0px !important;}\u00bb woodmart_css_id=\u00bb65f46dcdccd6a\u00bb wd_collapsible_content_switcher=\u00bbno\u00bb wd_column_role_offcanvas_desktop=\u00bbno\u00bb wd_column_role_offcanvas_tablet=\u00bbno\u00bb wd_column_role_offcanvas_mobile=\u00bbno\u00bb wd_column_role_content_desktop=\u00bbno\u00bb wd_column_role_content_tablet=\u00bbno\u00bb wd_column_role_content_mobile=\u00bbno\u00bb woodmart_box_shadow=\u00bbno\u00bb responsive_spacing=\u00bbeyJwYXJhbV90eXBlIjoid29vZG1hcnRfcmVzcG9uc2l2ZV9zcGFjaW5nIiwic2VsZWN0b3JfaWQiOiI2NWY0NmRjZGNjZDZhIiwic2hvcnRjb2RlIjoidmNfY29sdW1uIiwiZGF0YSI6eyJ0YWJsZXQiOnsibWFyZ2luLWJvdHRvbSI6IjQwcHgifSwibW9iaWxlIjp7Im1hcmdpbi1ib3R0b20iOiIzMHB4In19fQ==\u00bb wd_z_index=\u00bbno\u00bb el_id=\u00bbantofagasta\u00bb]\n\t\t<div id=\"wd-65e9cfbcd2eef\" class=\"title-wrapper wd-wpb wd-set-mb reset-last-child  wd-rs-65e9cfbcd2eef wd-title-color-primary wd-title-style-default text-left  wd-underline-colored\">\n\t\t\t\t\t\t\t\n\t\t\t\t<div class=\"title-subtitle  subtitle-color-primary font-default subtitle-style-default wd-font-weight-700 wd-fontsize-xs\">Proyecto<\/div>\n\t\t\t\n\t\t\t<div class=\"liner-continer\">\n\t\t\t\t<h4 class=\"woodmart-title-container title  wd-font-weight- wd-fontsize-l\" >Iluminaci\u00f3n Av Ej\u00e9rcito Antofagasta<\/h4>\n\t\t\t\t\t\t\t<\/div>\n\t\t\t\n\t\t\t\n\t\t\t\n\t\t<\/div>\n\t\t\n\t\t\t\t<div id=\"wd-65eb468c6a2ab\" class=\"wd-image wd-wpb wd-rs-65eb468c6a2ab text-left vc_custom_1709917851656\">\n\t\t\t\n\t\t\t<img loading=\"lazy\" decoding=\"async\" width=\"169\" height=\"300\" src=\"https:\/\/fiberpole.cl\/web\/wp-content\/uploads\/2024\/03\/6851eaa1-0d2e-44f2-94d4-c42077189ea9-169x300.jpeg\" class=\"attachment-medium size-medium\" alt=\"\" srcset=\"https:\/\/fiberpole.cl\/web\/wp-content\/uploads\/2024\/03\/6851eaa1-0d2e-44f2-94d4-c42077189ea9-169x300.jpeg 169w, https:\/\/fiberpole.cl\/web\/wp-content\/uploads\/2024\/03\/6851eaa1-0d2e-44f2-94d4-c42077189ea9-450x800.jpeg 450w, https:\/\/fiberpole.cl\/web\/wp-content\/uploads\/2024\/03\/6851eaa1-0d2e-44f2-94d4-c42077189ea9-768x1366.jpeg 768w, https:\/\/fiberpole.cl\/web\/wp-content\/uploads\/2024\/03\/6851eaa1-0d2e-44f2-94d4-c42077189ea9-864x1536.jpeg 864w, https:\/\/fiberpole.cl\/web\/wp-content\/uploads\/2024\/03\/6851eaa1-0d2e-44f2-94d4-c42077189ea9.jpeg 899w\" sizes=\"auto, (max-width: 169px) 100vw, 169px\" \/>\n\t\t\t\t\t<\/div>\n\t\t[\/vc_column][vc_column width=\u00bb1\/2&#8243;]\t\t<div id=\"wd-65e9c3f4d91f4\" class=\"wd-text-block wd-wpb reset-last-child wd-rs-65e9c3f4d91f4 text-left \">\n\t\t\t<p><span style=\"font-weight: 400;\">El proyecto de construcci\u00f3n \u201cMejoramiento Avenida Ej\u00e9rcito entre Av. Homero \u00c1vila y Ruta 28, Antofagasta\u201d busca mejorar la calidad de vida de los habitantes de la ciudad de Antofagasta, brindando una mejor accesibilidad a sus hogares y a la vez reducir considerablemente los tiempos de desplazamientos interurbanos.<\/span><\/p>\n<p><span style=\"font-weight: 400;\">Postes de 12 metros con brazos simple, brazo peatonal y brazo doble<\/span><\/p>\n<p><span style=\"font-weight: 400;\">Se utilizaron Postes Fiberpole de 12\u00a0 y 8 metros m\u00e1s brazos simples para postes de 12 metros.<\/span><\/p>\n\t\t<\/div>\n\t\t\t\t<div id=\"wd-65fae32ea154d\" class=\"wd-text-block wd-wpb reset-last-child wd-rs-65fae32ea154d text-left \">\n\t\t\t<p><strong><span style=\"color: #033c75;\">Lugar: <strong>Avenida Ejercito<\/strong><\/span><\/strong><\/p>\n\t\t<\/div>\n\t\t[\/vc_column][\/vc_row][vc_row equal_height=\u00bbyes\u00bb mobile_bg_img_hidden=\u00bbno\u00bb tablet_bg_img_hidden=\u00bbno\u00bb woodmart_parallax=\u00bb0&#8243; woodmart_gradient_switch=\u00bbno\u00bb row_reverse_mobile=\u00bb0&#8243; row_reverse_tablet=\u00bb0&#8243; woodmart_disable_overflow=\u00bb0&#8243; css=\u00bb.vc_custom_1680177402148{margin-bottom: 60px !important;}\u00bb woodmart_css_id=\u00bb642578f7adeb3&#8243; responsive_spacing=\u00bbeyJwYXJhbV90eXBlIjoid29vZG1hcnRfcmVzcG9uc2l2ZV9zcGFjaW5nIiwic2VsZWN0b3JfaWQiOiI2NDI1NzhmN2FkZWIzIiwic2hvcnRjb2RlIjoidmNfcm93IiwiZGF0YSI6eyJ0YWJsZXQiOnsibWFyZ2luLWJvdHRvbSI6IjIwcHgifSwibW9iaWxlIjp7Im1hcmdpbi1ib3R0b20iOiIwcHgifX19&#8243; woodmart_box_shadow=\u00bbno\u00bb wd_z_index=\u00bbno\u00bb][vc_column width=\u00bb1\/2&#8243; offset=\u00bbvc_col-lg-4 vc_col-md-4&#8243; mobile_bg_img_hidden=\u00bbno\u00bb tablet_bg_img_hidden=\u00bbno\u00bb woodmart_parallax=\u00bb0&#8243; woodmart_sticky_column=\u00bbfalse\u00bb parallax_scroll=\u00bbno\u00bb mobile_reset_margin=\u00bbno\u00bb tablet_reset_margin=\u00bbno\u00bb css=\u00bb.vc_custom_1678105341712{padding-top: 0px !important;}\u00bb woodmart_css_id=\u00bb6405daf6b006e\u00bb wd_collapsible_content_switcher=\u00bbno\u00bb wd_column_role_offcanvas_desktop=\u00bbno\u00bb wd_column_role_offcanvas_tablet=\u00bbno\u00bb wd_column_role_offcanvas_mobile=\u00bbno\u00bb wd_column_role_content_desktop=\u00bbno\u00bb wd_column_role_content_tablet=\u00bbno\u00bb wd_column_role_content_mobile=\u00bbno\u00bb woodmart_box_shadow=\u00bbno\u00bb responsive_spacing=\u00bbeyJwYXJhbV90eXBlIjoid29vZG1hcnRfcmVzcG9uc2l2ZV9zcGFjaW5nIiwic2VsZWN0b3JfaWQiOiI2NDA1ZGFmNmIwMDZlIiwic2hvcnRjb2RlIjoidmNfY29sdW1uIiwiZGF0YSI6eyJ0YWJsZXQiOnsibWFyZ2luLWJvdHRvbSI6IjQwIn0sIm1vYmlsZSI6eyJtYXJnaW4tYm90dG9tIjoiMzAifX19&#8243; wd_z_index=\u00bbno\u00bb]\n\t\t<div id=\"wd-65e9c5fb002fb\" class=\"title-wrapper wd-wpb wd-set-mb reset-last-child  wd-rs-65e9c5fb002fb wd-title-color-primary wd-title-style-default text-left  wd-underline-colored\">\n\t\t\t\t\t\t\t\n\t\t\t\t<div class=\"title-subtitle  subtitle-color-primary font-default subtitle-style-default wd-font-weight-700 wd-fontsize-xs\">Proyectos<\/div>\n\t\t\t\n\t\t\t<div class=\"liner-continer\">\n\t\t\t\t<h4 class=\"woodmart-title-container title  wd-font-weight- wd-fontsize-l\" >Borde Costero Pinares<\/h4>\n\t\t\t\t\t\t\t<\/div>\n\t\t\t\n\t\t\t\n\t\t\t\n\t\t<\/div>\n\t\t\n\t\t[vc_images_carousel images=\u00bb9649&#8243; img_size=\u00bbmedium\u00bb speed=\u00bb2000&#8243; autoplay=\u00bbyes\u00bb wrap=\u00bbyes\u00bb][\/vc_column][vc_column width=\u00bb1\/2&#8243;]\t\t<div id=\"wd-65e9c557caf72\" class=\"wd-text-block wd-wpb reset-last-child wd-rs-65e9c557caf72 text-left \">\n\t\t\t<p><span style=\"font-weight: 400;\">El proyecto consisti\u00f3 en la restauraci\u00f3n y actualizaci\u00f3n del sistema el\u00e9ctrico y de iluminaci\u00f3n del borde costero Antofagasta tramo Pinares &#8211; Trocadero.<\/span><\/p>\n<p><span style=\"font-weight: 400;\">Se utilizaron Postes Fiberpole de 5 y 10 metros.<\/span><\/p>\n\t\t<\/div>\n\t\t\t\t<div id=\"wd-65fae336ea96a\" class=\"wd-text-block wd-wpb reset-last-child wd-rs-65fae336ea96a text-left \">\n\t\t\t<p><strong><span style=\"color: #033c75;\">Lugar: Pinares &#8211; Trocadero de Antofagasta<\/span><\/strong><\/p>\n\t\t<\/div>\n\t\t[\/vc_column][\/vc_row]<\/p>\n<\/div>","protected":false},"excerpt":{"rendered":"<p>[vc_row equal_height=\u00bbyes\u00bb mobile_bg_img_hidden=\u00bbno\u00bb tablet_bg_img_hidden=\u00bbno\u00bb woodmart_parallax=\u00bb0&#8243; woodmart_gradient_switch=\u00bbno\u00bb row_reverse_mobile=\u00bb0&#8243; row_reverse_tablet=\u00bb0&#8243; woodmart_disable_overflow=\u00bb0&#8243; css=\u00bb.vc_custom_1680177402148{margin-bottom: 60px !important;}\u00bb woodmart_css_id=\u00bb642578f7adeb3&#8243; responsive_spacing=\u00bbeyJwYXJhbV90eXBlIjoid29vZG1hcnRfcmVzcG9uc2l2ZV9zcGFjaW5nIiwic2VsZWN0b3JfaWQiOiI2NDI1NzhmN2FkZWIzIiwic2hvcnRjb2RlIjoidmNfcm93IiwiZGF0YSI6eyJ0YWJsZXQiOnsibWFyZ2luLWJvdHRvbSI6IjIwcHgifSwibW9iaWxlIjp7Im1hcmdpbi1ib3R0b20iOiIwcHgifX19&#8243; woodmart_box_shadow=\u00bbno\u00bb wd_z_index=\u00bbno\u00bb][vc_column width=\u00bb1\/2&#8243; offset=\u00bbvc_col-lg-4 vc_col-md-4&#8243; mobile_bg_img_hidden=\u00bbno\u00bb<\/p>\n","protected":false},"author":1,"featured_media":10113,"parent":0,"menu_order":0,"comment_status":"closed","ping_status":"closed","template":"","meta":{"footnotes":""},"class_list":["post-9630","page","type-page","status-publish","has-post-thumbnail","hentry"],"yoast_head":"<!-- This site is optimized with the Yoast SEO plugin v25.9 - https:\/\/yoast.com\/wordpress\/plugins\/seo\/ -->\n<title>Casos de \u00e9xito | Proyectos PRFV<\/title>\n<meta name=\"description\" content=\"Proyectos Fiberpole en Chile con postes de PRFV: alumbrado p\u00fablico y distribuci\u00f3n el\u00e9ctrica que destacan por resistencia y bajo mantenimiento.\" \/>\n<meta name=\"robots\" content=\"index, follow, max-snippet:-1, max-image-preview:large, max-video-preview:-1\" \/>\n<link rel=\"canonical\" href=\"https:\/\/fiberpole.cl\/web\/casos-de-exito\/\" \/>\n<meta property=\"og:locale\" content=\"es_ES\" \/>\n<meta property=\"og:type\" content=\"article\" \/>\n<meta property=\"og:title\" content=\"Casos de \u00e9xito | Proyectos PRFV\" \/>\n<meta property=\"og:description\" content=\"Proyectos Fiberpole en Chile con postes de PRFV: alumbrado p\u00fablico y distribuci\u00f3n el\u00e9ctrica que destacan por resistencia y bajo mantenimiento.\" \/>\n<meta property=\"og:url\" content=\"https:\/\/fiberpole.cl\/web\/casos-de-exito\/\" \/>\n<meta property=\"og:site_name\" content=\"Fiberpole\" \/>\n<meta property=\"article:modified_time\" content=\"2025-11-06T15:05:59+00:00\" \/>\n<meta property=\"og:image\" content=\"https:\/\/fiberpole.cl\/web\/wp-content\/uploads\/2025\/10\/20250905_124157-scaled.jpg\" \/>\n\t<meta property=\"og:image:width\" content=\"2560\" \/>\n\t<meta property=\"og:image:height\" content=\"1920\" \/>\n\t<meta property=\"og:image:type\" content=\"image\/jpeg\" \/>\n<meta name=\"twitter:card\" content=\"summary_large_image\" \/>\n<meta name=\"twitter:label1\" content=\"Tiempo de lectura\" \/>\n\t<meta name=\"twitter:data1\" content=\"19 minutos\" \/>\n<script type=\"application\/ld+json\" class=\"yoast-schema-graph\">{\"@context\":\"https:\/\/schema.org\",\"@graph\":[{\"@type\":\"WebPage\",\"@id\":\"https:\/\/fiberpole.cl\/web\/casos-de-exito\/\",\"url\":\"https:\/\/fiberpole.cl\/web\/casos-de-exito\/\",\"name\":\"Casos de \u00e9xito | Proyectos PRFV\",\"isPartOf\":{\"@id\":\"https:\/\/fiberpole.cl\/web\/#website\"},\"primaryImageOfPage\":{\"@id\":\"https:\/\/fiberpole.cl\/web\/casos-de-exito\/#primaryimage\"},\"image\":{\"@id\":\"https:\/\/fiberpole.cl\/web\/casos-de-exito\/#primaryimage\"},\"thumbnailUrl\":\"https:\/\/fiberpole.cl\/web\/wp-content\/uploads\/2025\/10\/20250905_124157-scaled.jpg\",\"datePublished\":\"2024-03-07T13:12:57+00:00\",\"dateModified\":\"2025-11-06T15:05:59+00:00\",\"description\":\"Proyectos Fiberpole en Chile con postes de PRFV: alumbrado p\u00fablico y distribuci\u00f3n el\u00e9ctrica que destacan por resistencia y bajo mantenimiento.\",\"breadcrumb\":{\"@id\":\"https:\/\/fiberpole.cl\/web\/casos-de-exito\/#breadcrumb\"},\"inLanguage\":\"es\",\"potentialAction\":[{\"@type\":\"ReadAction\",\"target\":[\"https:\/\/fiberpole.cl\/web\/casos-de-exito\/\"]}]},{\"@type\":\"ImageObject\",\"inLanguage\":\"es\",\"@id\":\"https:\/\/fiberpole.cl\/web\/casos-de-exito\/#primaryimage\",\"url\":\"https:\/\/fiberpole.cl\/web\/wp-content\/uploads\/2025\/10\/20250905_124157-scaled.jpg\",\"contentUrl\":\"https:\/\/fiberpole.cl\/web\/wp-content\/uploads\/2025\/10\/20250905_124157-scaled.jpg\",\"width\":2560,\"height\":1920},{\"@type\":\"BreadcrumbList\",\"@id\":\"https:\/\/fiberpole.cl\/web\/casos-de-exito\/#breadcrumb\",\"itemListElement\":[{\"@type\":\"ListItem\",\"position\":1,\"name\":\"Inicio\",\"item\":\"https:\/\/fiberpole.cl\/web\/\"},{\"@type\":\"ListItem\",\"position\":2,\"name\":\"Casos de \u00e9xito\"}]},{\"@type\":\"WebSite\",\"@id\":\"https:\/\/fiberpole.cl\/web\/#website\",\"url\":\"https:\/\/fiberpole.cl\/web\/\",\"name\":\"Fiberpole\",\"description\":\"Fabricaci\u00f3n de postes de vidrio, luz y distribuci\u00f3n\",\"publisher\":{\"@id\":\"https:\/\/fiberpole.cl\/web\/#organization\"},\"potentialAction\":[{\"@type\":\"SearchAction\",\"target\":{\"@type\":\"EntryPoint\",\"urlTemplate\":\"https:\/\/fiberpole.cl\/web\/?s={search_term_string}\"},\"query-input\":{\"@type\":\"PropertyValueSpecification\",\"valueRequired\":true,\"valueName\":\"search_term_string\"}}],\"inLanguage\":\"es\"},{\"@type\":\"Organization\",\"@id\":\"https:\/\/fiberpole.cl\/web\/#organization\",\"name\":\"Fiberpole\",\"alternateName\":\"Fiberpole SpA\",\"url\":\"https:\/\/fiberpole.cl\/web\/\",\"logo\":{\"@type\":\"ImageObject\",\"inLanguage\":\"es\",\"@id\":\"https:\/\/fiberpole.cl\/web\/#\/schema\/logo\/image\/\",\"url\":\"https:\/\/fiberpole.cl\/web\/wp-content\/uploads\/2025\/09\/logo-fiberpole-azul.webp\",\"contentUrl\":\"https:\/\/fiberpole.cl\/web\/wp-content\/uploads\/2025\/09\/logo-fiberpole-azul.webp\",\"width\":150,\"height\":150,\"caption\":\"Fiberpole\"},\"image\":{\"@id\":\"https:\/\/fiberpole.cl\/web\/#\/schema\/logo\/image\/\"},\"sameAs\":[\"https:\/\/www.linkedin.com\/company\/fiberpole\/\"]}]}<\/script>\n<!-- \/ Yoast SEO plugin. -->","yoast_head_json":{"title":"Casos de \u00e9xito | Proyectos PRFV","description":"Proyectos Fiberpole en Chile con postes de PRFV: alumbrado p\u00fablico y distribuci\u00f3n el\u00e9ctrica que destacan por resistencia y bajo mantenimiento.","robots":{"index":"index","follow":"follow","max-snippet":"max-snippet:-1","max-image-preview":"max-image-preview:large","max-video-preview":"max-video-preview:-1"},"canonical":"https:\/\/fiberpole.cl\/web\/casos-de-exito\/","og_locale":"es_ES","og_type":"article","og_title":"Casos de \u00e9xito | Proyectos PRFV","og_description":"Proyectos Fiberpole en Chile con postes de PRFV: alumbrado p\u00fablico y distribuci\u00f3n el\u00e9ctrica que destacan por resistencia y bajo mantenimiento.","og_url":"https:\/\/fiberpole.cl\/web\/casos-de-exito\/","og_site_name":"Fiberpole","article_modified_time":"2025-11-06T15:05:59+00:00","og_image":[{"width":2560,"height":1920,"url":"https:\/\/fiberpole.cl\/web\/wp-content\/uploads\/2025\/10\/20250905_124157-scaled.jpg","type":"image\/jpeg"}],"twitter_card":"summary_large_image","twitter_misc":{"Tiempo de lectura":"19 minutos"},"schema":{"@context":"https:\/\/schema.org","@graph":[{"@type":"WebPage","@id":"https:\/\/fiberpole.cl\/web\/casos-de-exito\/","url":"https:\/\/fiberpole.cl\/web\/casos-de-exito\/","name":"Casos de \u00e9xito | Proyectos PRFV","isPartOf":{"@id":"https:\/\/fiberpole.cl\/web\/#website"},"primaryImageOfPage":{"@id":"https:\/\/fiberpole.cl\/web\/casos-de-exito\/#primaryimage"},"image":{"@id":"https:\/\/fiberpole.cl\/web\/casos-de-exito\/#primaryimage"},"thumbnailUrl":"https:\/\/fiberpole.cl\/web\/wp-content\/uploads\/2025\/10\/20250905_124157-scaled.jpg","datePublished":"2024-03-07T13:12:57+00:00","dateModified":"2025-11-06T15:05:59+00:00","description":"Proyectos Fiberpole en Chile con postes de PRFV: alumbrado p\u00fablico y distribuci\u00f3n el\u00e9ctrica que destacan por resistencia y bajo mantenimiento.","breadcrumb":{"@id":"https:\/\/fiberpole.cl\/web\/casos-de-exito\/#breadcrumb"},"inLanguage":"es","potentialAction":[{"@type":"ReadAction","target":["https:\/\/fiberpole.cl\/web\/casos-de-exito\/"]}]},{"@type":"ImageObject","inLanguage":"es","@id":"https:\/\/fiberpole.cl\/web\/casos-de-exito\/#primaryimage","url":"https:\/\/fiberpole.cl\/web\/wp-content\/uploads\/2025\/10\/20250905_124157-scaled.jpg","contentUrl":"https:\/\/fiberpole.cl\/web\/wp-content\/uploads\/2025\/10\/20250905_124157-scaled.jpg","width":2560,"height":1920},{"@type":"BreadcrumbList","@id":"https:\/\/fiberpole.cl\/web\/casos-de-exito\/#breadcrumb","itemListElement":[{"@type":"ListItem","position":1,"name":"Inicio","item":"https:\/\/fiberpole.cl\/web\/"},{"@type":"ListItem","position":2,"name":"Casos de \u00e9xito"}]},{"@type":"WebSite","@id":"https:\/\/fiberpole.cl\/web\/#website","url":"https:\/\/fiberpole.cl\/web\/","name":"Fiberpole","description":"Fabricaci\u00f3n de postes de vidrio, luz y distribuci\u00f3n","publisher":{"@id":"https:\/\/fiberpole.cl\/web\/#organization"},"potentialAction":[{"@type":"SearchAction","target":{"@type":"EntryPoint","urlTemplate":"https:\/\/fiberpole.cl\/web\/?s={search_term_string}"},"query-input":{"@type":"PropertyValueSpecification","valueRequired":true,"valueName":"search_term_string"}}],"inLanguage":"es"},{"@type":"Organization","@id":"https:\/\/fiberpole.cl\/web\/#organization","name":"Fiberpole","alternateName":"Fiberpole SpA","url":"https:\/\/fiberpole.cl\/web\/","logo":{"@type":"ImageObject","inLanguage":"es","@id":"https:\/\/fiberpole.cl\/web\/#\/schema\/logo\/image\/","url":"https:\/\/fiberpole.cl\/web\/wp-content\/uploads\/2025\/09\/logo-fiberpole-azul.webp","contentUrl":"https:\/\/fiberpole.cl\/web\/wp-content\/uploads\/2025\/09\/logo-fiberpole-azul.webp","width":150,"height":150,"caption":"Fiberpole"},"image":{"@id":"https:\/\/fiberpole.cl\/web\/#\/schema\/logo\/image\/"},"sameAs":["https:\/\/www.linkedin.com\/company\/fiberpole\/"]}]}},"_links":{"self":[{"href":"https:\/\/fiberpole.cl\/web\/wp-json\/wp\/v2\/pages\/9630","targetHints":{"allow":["GET"]}}],"collection":[{"href":"https:\/\/fiberpole.cl\/web\/wp-json\/wp\/v2\/pages"}],"about":[{"href":"https:\/\/fiberpole.cl\/web\/wp-json\/wp\/v2\/types\/page"}],"author":[{"embeddable":true,"href":"https:\/\/fiberpole.cl\/web\/wp-json\/wp\/v2\/users\/1"}],"replies":[{"embeddable":true,"href":"https:\/\/fiberpole.cl\/web\/wp-json\/wp\/v2\/comments?post=9630"}],"version-history":[{"count":14,"href":"https:\/\/fiberpole.cl\/web\/wp-json\/wp\/v2\/pages\/9630\/revisions"}],"predecessor-version":[{"id":10207,"href":"https:\/\/fiberpole.cl\/web\/wp-json\/wp\/v2\/pages\/9630\/revisions\/10207"}],"wp:featuredmedia":[{"embeddable":true,"href":"https:\/\/fiberpole.cl\/web\/wp-json\/wp\/v2\/media\/10113"}],"wp:attachment":[{"href":"https:\/\/fiberpole.cl\/web\/wp-json\/wp\/v2\/media?parent=9630"}],"curies":[{"name":"wp","href":"https:\/\/api.w.org\/{rel}","templated":true}]}}